{"id":46,"date":"2020-10-13T21:32:24","date_gmt":"2020-10-13T21:32:24","guid":{"rendered":"https:\/\/digitaltextil.com\/?post_type=product&#038;p=46"},"modified":"2025-04-06T22:27:06","modified_gmt":"2025-04-06T22:27:06","slug":"mascarilla-anuncios-vintage","status":"publish","type":"product","link":"https:\/\/digitaltextil.com\/?product=mascarilla-anuncios-vintage","title":{"rendered":"Mascarilla Anuncios Vintage"},"content":{"rendered":"<p>Elegante mascarilla higienica con anuncios vintage desordenados estampados. Ajuste superior siguiendo el contorno de los ojos con una ligera curva. El conjunto se compone de dos mascarillas estampadas y una bolsa con el mismo estampado de las mascarillas haciendo juego. Esta mascarilla esta realizada con dos telas especiales con certificaci\u00f3n para usos sanitarios, la capa exterior es una microfibra estampada y la parte interior es un algod\u00f3n org\u00e1nico buscado la m\u00ednima posibilidad de generar alergia en quien las use.<\/p>\n<div class=\"page\" title=\"Page 5\">\n<div class=\"layoutArea\">\n<div class=\"column\">\n<p><strong>Caracter\u00edsticas de filtrado:<\/strong><\/p>\n<ul>\n<li>Microfibra: 0,3 micras; &gt; 95% de eficacia.<\/li>\n<li>Algod\u00f3n: 04 micras; &gt; 96% de eficacia.<\/li>\n<\/ul>\n<p>Dato: FPP1 &gt; 78%;\u00a0FPP2 &gt; 92%;\u00a0FPP3 &gt; 98%.<\/p>\n<p><strong>Caracter\u00edsticas de transpirabilidad:\u00a0<\/strong>&lt; 60 Pa\/cm2<\/p>\n<p><strong>Instrucciones de lavado:<\/strong><\/p>\n<ol>\n<li>Lavar a 60\u00ba.<\/li>\n<li>Lavar con detergente neutro. No usar lej\u00eda.<\/li>\n<li>Admite hasta 83 lavados<\/li>\n<\/ol>\n<p><strong>Normativa:<\/strong><\/p>\n<\/div>\n<\/div>\n<\/div>\n<p>Cumplen la Norma Espa\u00f1ola para este tipo de art\u00edculos higienicos ademas de la normativa europea, menos restrictiva que la espa\u00f1ola <em>UNE-EN 0065:2020<\/em><\/p>\n","protected":false},"excerpt":{"rendered":"<p>Mascarilla anuncios Vintage<\/p>\n","protected":false},"featured_media":71,"comment_status":"open","ping_status":"closed","template":"","meta":[],"product_brand":[],"product_cat":[24],"product_tag":[],"class_list":{"0":"post-46","1":"product","2":"type-product","3":"status-publish","4":"has-post-thumbnail","6":"product_cat-mascarillas-de-moda","7":"pa_talla_mascarilla_moda-talla-l","8":"pa_talla_mascarilla_moda-talla-m","9":"pa_talla_mascarilla_moda-talla-s","10":"post","11":"post-with-thumbnail","12":"post-with-thumbnail-large","14":"first","15":"instock","16":"taxable","17":"shipping-taxable","18":"purchasable","19":"product-type-variable"},"aioseo_notices":[],"jetpack_sharing_enabled":true,"_links":{"self":[{"href":"https:\/\/digitaltextil.com\/index.php?rest_route=\/wp\/v2\/product\/46","targetHints":{"allow":["GET"]}}],"collection":[{"href":"https:\/\/digitaltextil.com\/index.php?rest_route=\/wp\/v2\/product"}],"about":[{"href":"https:\/\/digitaltextil.com\/index.php?rest_route=\/wp\/v2\/types\/product"}],"replies":[{"embeddable":true,"href":"https:\/\/digitaltextil.com\/index.php?rest_route=%2Fwp%2Fv2%2Fcomments&post=46"}],"wp:featuredmedia":[{"embeddable":true,"href":"https:\/\/digitaltextil.com\/index.php?rest_route=\/wp\/v2\/media\/71"}],"wp:attachment":[{"href":"https:\/\/digitaltextil.com\/index.php?rest_route=%2Fwp%2Fv2%2Fmedia&parent=46"}],"wp:term":[{"taxonomy":"product_brand","embeddable":true,"href":"https:\/\/digitaltextil.com\/index.php?rest_route=%2Fwp%2Fv2%2Fproduct_brand&post=46"},{"taxonomy":"product_cat","embeddable":true,"href":"https:\/\/digitaltextil.com\/index.php?rest_route=%2Fwp%2Fv2%2Fproduct_cat&post=46"},{"taxonomy":"product_tag","embeddable":true,"href":"https:\/\/digitaltextil.com\/index.php?rest_route=%2Fwp%2Fv2%2Fproduct_tag&post=46"}],"curies":[{"name":"wp","href":"https:\/\/api.w.org\/{rel}","templated":true}]}}

<p>Elegante mascarilla higienica con anuncios vintage desordenados estampados. Ajuste superior siguiendo el contorno de los ojos con una ligera curva. El conjunto se compone de dos mascarillas estampadas y una bolsa con el mismo estampado de las mascarillas haciendo juego. Esta mascarilla esta realizada con dos telas especiales con certificación para usos sanitarios, la capa exterior es una microfibra estampada y la parte interior es un algodón orgánico buscado la mínima posibilidad de generar alergia en quien las use.</p>
<div class="page" title="Page 5">
<div class="layoutArea">
<div class="column">
<p><strong>Características de filtrado:</strong></p>
<ul>
<li>Microfibra: 0,3 micras; &gt; 95% de eficacia.</li>
<li>Algodón: 04 micras; &gt; 96% de eficacia.</li>
</ul>
<p>Dato: FPP1 &gt; 78%; FPP2 &gt; 92%; FPP3 &gt; 98%.</p>
<p><strong>Características de transpirabilidad: </strong>&lt; 60 Pa/cm2</p>
<p><strong>Instrucciones de lavado:</strong></p>
<ol>
<li>Lavar a 60º.</li>
<li>Lavar con detergente neutro. No usar lejía.</li>
<li>Admite hasta 83 lavados</li>
</ol>
<p><strong>Normativa:</strong></p>
</div>
</div>
</div>
<p>Cumplen la Norma Española para este tipo de artículos higienicos ademas de la normativa europea, menos restrictiva que la española <em>UNE-EN 0065:2020</em></p>
