{"id":170,"date":"2020-11-30T00:20:46","date_gmt":"2020-11-30T00:20:46","guid":{"rendered":"https:\/\/digitaltextil.com\/?post_type=product&#038;p=170"},"modified":"2020-11-30T00:20:58","modified_gmt":"2020-11-30T00:20:58","slug":"mascarilla-navidena-roja","status":"publish","type":"product","link":"https:\/\/digitaltextil.com\/?product=mascarilla-navidena-roja","title":{"rendered":"Mascarilla navide\u00f1a roja"},"content":{"rendered":"<p>Divertidas mascarillas navide\u00f1as, de fondo rojo con papa Noel y mu\u00f1ecos de nieve,\u00a0 higienicas reutilizables. Este art\u00edculo est\u00e1 compuesto por dos mascarillas y una bolsita para guardarlas a juego. Mascarillas compuestas de microfibra de 86 gr. en su capa exterior estampada y algod\u00f3n org\u00e1nico en su capa interior. Ambas telas est\u00e1n homologadas y certificadas para ser uadas en la fabricaci\u00f3n de mascarillas higienicas. Mascarilla certificada y homologada en hasta 83 lavados antes de empezar a perder propiedades de filtrado.<\/p>\n<div class=\"page\" title=\"Page 5\">\n<div class=\"layoutArea\">\n<div class=\"column\">\n<p><strong>Caracter\u00edsticas de filtrado:<\/strong><\/p>\n<ul>\n<li>Microfibra: 0,3 micras; &gt; 95% de eficacia.<\/li>\n<li>Algod\u00f3n: 04 micras; &gt; 96% de eficacia.<\/li>\n<\/ul>\n<p>Dato: FPP1 &gt; 78%;\u00a0FPP2 &gt; 92%;\u00a0FPP3 &gt; 98%.<\/p>\n<p><strong>Caracter\u00edsticas de transpirabilidad:\u00a0<\/strong>&lt; 60 Pa\/cm2<\/p>\n<p><strong>Instrucciones de lavado:<\/strong><\/p>\n<ol>\n<li>Lavar a 60\u00ba.<\/li>\n<li>Lavar con detergente neutro. No usar lej\u00eda.<\/li>\n<li>Admite hasta 83 lavados<\/li>\n<\/ol>\n<p><strong>Normativa:<\/strong><\/p>\n<\/div>\n<\/div>\n<\/div>\n<p>Cumplen la Norma Espa\u00f1ola para este tipo de art\u00edculos higienicos ademas de la normativa europea, menos restrictiva que la espa\u00f1ola <em>UNE-EN 0065:2020<\/em><\/p>\n","protected":false},"excerpt":{"rendered":"<p>Mascarilla Navide\u00f1a roja Papa Noel<\/p>\n","protected":false},"featured_media":175,"comment_status":"open","ping_status":"closed","template":"","meta":[],"product_brand":[],"product_cat":[24],"product_tag":[22,19,33,35,34,32],"class_list":{"0":"post-170","1":"product","2":"type-product","3":"status-publish","4":"has-post-thumbnail","6":"product_cat-mascarillas-de-moda","7":"product_tag-covid-19","8":"product_tag-mascarillas","9":"product_tag-mascarillas-de-proteccion","10":"product_tag-mascarillas-homologadas","11":"product_tag-mascarillas-reutilizables","12":"product_tag-navidad","13":"pa_talla_mascarilla_moda-talla-l","14":"pa_talla_mascarilla_moda-talla-m","15":"pa_talla_mascarilla_moda-talla-s","16":"post","17":"post-with-thumbnail","18":"post-with-thumbnail-large","20":"first","21":"instock","22":"taxable","23":"shipping-taxable","24":"purchasable","25":"product-type-variable"},"aioseo_notices":[],"jetpack_sharing_enabled":true,"_links":{"self":[{"href":"https:\/\/digitaltextil.com\/index.php?rest_route=\/wp\/v2\/product\/170","targetHints":{"allow":["GET"]}}],"collection":[{"href":"https:\/\/digitaltextil.com\/index.php?rest_route=\/wp\/v2\/product"}],"about":[{"href":"https:\/\/digitaltextil.com\/index.php?rest_route=\/wp\/v2\/types\/product"}],"replies":[{"embeddable":true,"href":"https:\/\/digitaltextil.com\/index.php?rest_route=%2Fwp%2Fv2%2Fcomments&post=170"}],"wp:featuredmedia":[{"embeddable":true,"href":"https:\/\/digitaltextil.com\/index.php?rest_route=\/wp\/v2\/media\/175"}],"wp:attachment":[{"href":"https:\/\/digitaltextil.com\/index.php?rest_route=%2Fwp%2Fv2%2Fmedia&parent=170"}],"wp:term":[{"taxonomy":"product_brand","embeddable":true,"href":"https:\/\/digitaltextil.com\/index.php?rest_route=%2Fwp%2Fv2%2Fproduct_brand&post=170"},{"taxonomy":"product_cat","embeddable":true,"href":"https:\/\/digitaltextil.com\/index.php?rest_route=%2Fwp%2Fv2%2Fproduct_cat&post=170"},{"taxonomy":"product_tag","embeddable":true,"href":"https:\/\/digitaltextil.com\/index.php?rest_route=%2Fwp%2Fv2%2Fproduct_tag&post=170"}],"curies":[{"name":"wp","href":"https:\/\/api.w.org\/{rel}","templated":true}]}}

Mascarilla navideña roja

<p>Divertidas mascarillas navideñas, de fondo rojo con papa Noel y muñecos de nieve,  higienicas reutilizables. Este artículo está compuesto por dos mascarillas y una bolsita para guardarlas a juego. Mascarillas compuestas de microfibra de 86 gr. en su capa exterior estampada y algodón orgánico en su capa interior. Ambas telas están homologadas y certificadas para ser uadas en la fabricación de mascarillas higienicas. Mascarilla certificada y homologada en hasta 83 lavados antes de empezar a perder propiedades de filtrado.</p>
<div class="page" title="Page 5">
<div class="layoutArea">
<div class="column">
<p><strong>Características de filtrado:</strong></p>
<ul>
<li>Microfibra: 0,3 micras; &gt; 95% de eficacia.</li>
<li>Algodón: 04 micras; &gt; 96% de eficacia.</li>
</ul>
<p>Dato: FPP1 &gt; 78%; FPP2 &gt; 92%; FPP3 &gt; 98%.</p>
<p><strong>Características de transpirabilidad: </strong>&lt; 60 Pa/cm2</p>
<p><strong>Instrucciones de lavado:</strong></p>
<ol>
<li>Lavar a 60º.</li>
<li>Lavar con detergente neutro. No usar lejía.</li>
<li>Admite hasta 83 lavados</li>
</ol>
<p><strong>Normativa:</strong></p>
</div>
</div>
</div>
<p>Cumplen la Norma Española para este tipo de artículos higienicos ademas de la normativa europea, menos restrictiva que la española <em>UNE-EN 0065:2020</em></p>

<p>Mascarilla Navideña roja Papa Noel</p>
