{"id":130,"date":"2020-10-25T21:44:51","date_gmt":"2020-10-25T21:44:51","guid":{"rendered":"https:\/\/digitaltextil.com\/?post_type=product&#038;p=130"},"modified":"2022-12-12T22:43:25","modified_gmt":"2022-12-12T22:43:25","slug":"mascarilla-de-halloween-2","status":"publish","type":"product","link":"https:\/\/digitaltextil.com\/?product=mascarilla-de-halloween-2","title":{"rendered":"Mascarilla de Halloween 2"},"content":{"rendered":"<p>Dos llamativas mascarillas higienicas reutilizables con motivo de Halloween. Este art\u00edculo est\u00e1 compuesto por dos mascarillas y una bolsita para guardarlas a juego. Mascarillas compuestas de microfibra de 86 gr. en su capa exterior estampada y algod\u00f3n org\u00e1nico en su capa interior. Ambas telas est\u00e1n homologadas y certificadas para ser uadas en la fabricaci\u00f3n de mascarillas higienicas. Mascarilla certificada y homologada en hasta 83 lavados antes de empezar a perder propiedades de filtrado.<\/p>\n<div class=\"page\" title=\"Page 5\">\n<div class=\"layoutArea\">\n<div class=\"column\">\n<p><strong>Caracter\u00edsticas de filtrado:<\/strong><\/p>\n<ul>\n<li>Microfibra: 0,3 micras; &gt; 95% de eficacia.<\/li>\n<li>Algod\u00f3n: 04 micras; &gt; 96% de eficacia.<\/li>\n<\/ul>\n<p>Dato: FPP1 &gt; 78%;\u00a0FPP2 &gt; 92%;\u00a0FPP3 &gt; 98%.<\/p>\n<p><strong>Caracter\u00edsticas de transpirabilidad:\u00a0<\/strong>&lt; 60 Pa\/cm2<\/p>\n<p><strong>Instrucciones de lavado:<\/strong><\/p>\n<ol>\n<li>Lavar a 60\u00ba.<\/li>\n<li>Lavar con detergente neutro. No usar lej\u00eda.<\/li>\n<li>Admite hasta 83 lavados<\/li>\n<\/ol>\n<p><strong>Normativa:<\/strong><\/p>\n<\/div>\n<\/div>\n<\/div>\n<p>Cumplen la Norma Espa\u00f1ola para este tipo de art\u00edculos higienicos ademas de la normativa europea, menos restrictiva que la espa\u00f1ola <em>UNE-EN 0065:2020<\/em><\/p>\n","protected":false},"excerpt":{"rendered":"<p>Mascarilla de Halloween 2<\/p>\n","protected":false},"featured_media":131,"comment_status":"open","ping_status":"closed","template":"","meta":[],"product_brand":[],"product_cat":[24],"product_tag":[22,23,19],"class_list":{"0":"post-130","1":"product","2":"type-product","3":"status-publish","4":"has-post-thumbnail","6":"product_cat-mascarillas-de-moda","7":"product_tag-covid-19","8":"product_tag-mascarilla-higienica","9":"product_tag-mascarillas","10":"pa_talla_mascarilla_moda-talla-l","11":"pa_talla_mascarilla_moda-talla-m","12":"pa_talla_mascarilla_moda-talla-s","13":"post","14":"post-with-thumbnail","15":"post-with-thumbnail-large","17":"first","18":"instock","19":"taxable","20":"shipping-taxable","21":"purchasable","22":"product-type-variable"},"aioseo_notices":[],"jetpack_sharing_enabled":true,"_links":{"self":[{"href":"https:\/\/digitaltextil.com\/index.php?rest_route=\/wp\/v2\/product\/130","targetHints":{"allow":["GET"]}}],"collection":[{"href":"https:\/\/digitaltextil.com\/index.php?rest_route=\/wp\/v2\/product"}],"about":[{"href":"https:\/\/digitaltextil.com\/index.php?rest_route=\/wp\/v2\/types\/product"}],"replies":[{"embeddable":true,"href":"https:\/\/digitaltextil.com\/index.php?rest_route=%2Fwp%2Fv2%2Fcomments&post=130"}],"wp:featuredmedia":[{"embeddable":true,"href":"https:\/\/digitaltextil.com\/index.php?rest_route=\/wp\/v2\/media\/131"}],"wp:attachment":[{"href":"https:\/\/digitaltextil.com\/index.php?rest_route=%2Fwp%2Fv2%2Fmedia&parent=130"}],"wp:term":[{"taxonomy":"product_brand","embeddable":true,"href":"https:\/\/digitaltextil.com\/index.php?rest_route=%2Fwp%2Fv2%2Fproduct_brand&post=130"},{"taxonomy":"product_cat","embeddable":true,"href":"https:\/\/digitaltextil.com\/index.php?rest_route=%2Fwp%2Fv2%2Fproduct_cat&post=130"},{"taxonomy":"product_tag","embeddable":true,"href":"https:\/\/digitaltextil.com\/index.php?rest_route=%2Fwp%2Fv2%2Fproduct_tag&post=130"}],"curies":[{"name":"wp","href":"https:\/\/api.w.org\/{rel}","templated":true}]}}

<p>Dos llamativas mascarillas higienicas reutilizables con motivo de Halloween. Este artículo está compuesto por dos mascarillas y una bolsita para guardarlas a juego. Mascarillas compuestas de microfibra de 86 gr. en su capa exterior estampada y algodón orgánico en su capa interior. Ambas telas están homologadas y certificadas para ser uadas en la fabricación de mascarillas higienicas. Mascarilla certificada y homologada en hasta 83 lavados antes de empezar a perder propiedades de filtrado.</p>
<div class="page" title="Page 5">
<div class="layoutArea">
<div class="column">
<p><strong>Características de filtrado:</strong></p>
<ul>
<li>Microfibra: 0,3 micras; &gt; 95% de eficacia.</li>
<li>Algodón: 04 micras; &gt; 96% de eficacia.</li>
</ul>
<p>Dato: FPP1 &gt; 78%; FPP2 &gt; 92%; FPP3 &gt; 98%.</p>
<p><strong>Características de transpirabilidad: </strong>&lt; 60 Pa/cm2</p>
<p><strong>Instrucciones de lavado:</strong></p>
<ol>
<li>Lavar a 60º.</li>
<li>Lavar con detergente neutro. No usar lejía.</li>
<li>Admite hasta 83 lavados</li>
</ol>
<p><strong>Normativa:</strong></p>
</div>
</div>
</div>
<p>Cumplen la Norma Española para este tipo de artículos higienicos ademas de la normativa europea, menos restrictiva que la española <em>UNE-EN 0065:2020</em></p>
